+ 55. List the prime factors of k(-10).
5, 31, 139
Let z(u) = 5*u + 521*u**2 - 151*u**2 - 22 - 3*u - 140*u**2 - 164*u**2. List the prime factors of z(3).
2, 17
Let b = -1187 - -1663. What are the prime factors of b?
2, 7, 17
Suppose 4*f + 72 = 4*k + 16, k + 4*f - 9 = 0. Suppose 3120 = 33*v - k*v. What are the prime factors of v?
2, 3, 13
Let w = -20340 - -40730. What are the prime factors of w?
2, 5, 2039
List the prime factors of (4/6 + (-78)/9)/(250/(-307375)).
2, 2459
Suppose -45 + 19 = -13*g. Suppose 0*o + 600 = 5*o + 5*l, g*o + l - 239 = 0. List the prime factors of o.
7, 17
Let j(i) be the first derivative of -15/2*i**2 - 13*i + 4. List the prime factors of j(-7).
2, 23
Let f(l) = 14*l**2 + 71*l + 19. Let d be f(-7). Suppose 250 + d = x + 3*i, 0 = -2*x + 4*i + 866. List the prime factors of x.
443
Let s(p) = p**2 + 6*p + 4. Let b be s(-6). Suppose -19*t = 109*t - 4*t - 372. Suppose 4*w - b*g - 520 = 0, 5*w - 2*g = -t*g + 626. List the prime factors of w.
2, 3, 7
Let z(p) = -162*p + 87*p + p**3 + 87*p - 3 + 9*p**2 + 1. Suppose -5*m + 2*r - 3 = 17, 0 = 5*r + 25. List the prime factors of z(m).
2, 17
Let h = 601 - 250. List the prime factors of 9/18*6 + h/1.
2, 3, 59
List the prime factors of (-60)/60 - 20120/(-4).
47, 107
Suppose -12*i - i = 2574. Let g = 430 + i. What are the prime factors of g?
2, 29
Let x(n) = -7*n**2 - 37*n + 14. Let p(b) = 9*b**2 + 37*b - 14. Let s(q) = -4*p(q) - 5*x(q). What are the prime factors of s(27)?
2
Suppose 15*b - 28 = 8*b. Suppose -3*l = -5*i + 3021 - 726, -b*i - 2*l = -1858. What are the prime factors of i?
2, 3, 7, 11
Suppose 50 = -65*b + 67*b + 4*r, 5*r + 200 = 5*b. Suppose -9248 = 18*q - b*q. What are the prime factors of q?
2, 17
What are the prime factors of 10128 + (4 + 5)*(0 - 16/(-24))?
2, 3, 563
Suppose 1212171 = 16*f + 313643. List the prime factors of f.
2, 43, 653
Suppose -8737 = -d - 4*v, 2*d + 3*v = 13545 + 3899. What are the prime factors of d?
8713
Suppose 61*l - 1707 - 319458 = 0. What are the prime factors of l?
3, 5, 13
Let v(h) = 104*h**2 + 6*h - 54. Let s be v(5). Suppose 9*c = s + 11230. List the prime factors of c.
2, 13, 59
Let s be -1*1 - (-224)/56. Suppose -f - f = -2*w + 1472, -3*w + 2226 = s*f. What are the prime factors of w?
739
Let o(a) = -14*a**2 + 10*a**2 - 9*a + 12 + 12*a**2. List the prime factors of o(-5).
257
Suppose 2*a + m + 649 = 0, 963 = -0*a - 3*a + 2*m. Let p = a + 523. List the prime factors of p.
2, 5
Suppose 3*s - 17 - 76 = 0. Suppose 3*r = -4*a + 51, 3*a + a - s = r. Let f(g) = 3*g**2 - 19*g + 3. List the prime factors of f(a).
3, 5
Let l = -11107 + 7678. Let v = -2218 - l. List the prime factors of v.
7, 173
Let i be (-29)/(-6) + 1/6. Suppose -i*h = 4*a - 3, 0 = -2*a - 2*a - 3*h + 5. Suppose a*n = -5 + 141. What are the prime factors of n?
2, 17
Let p(w) = 7*w**3 - 2*w**2 - 24*w + 128. List the prime factors of p(11).
7, 1277
Suppose -5*h - 5*z = 815, -1 + 9 = -2*z. Suppose 0 = 28*x - 26*x - 444. Let v = h + x. What are the prime factors of v?
3, 7
Suppose -4*l = -j - 20, -5 + 0 = -l. Let u be 4 - j - 6 - -73. Suppose -u = -4*o + 105. What are the prime factors of o?
2, 11
Let u(j) = -j**3 - 17*j**2 + 19*j + 18. Let c be u(-18). Suppose 5*y - 5*f + 390 = 7*y, c = 5*y - 3*f - 913. What are the prime factors of y?
5, 37
Let u = 438 - 427. Suppose u*v + 5597 = 14914. What are the prime factors of v?
7, 11
Let t be (-187 - 4)/(9/5 - 2). Suppose 34*o = 39*o - t. List the prime factors of o.
191
Let h be 1*2/(-4)*-2. Let a be 1*3/h + -12. Let z(q) = -q**3 - 9*q**2 - 11*q + 5. List the prime factors of z(a).
2, 13
Let h be (6 - (-5 - -9))/((-2)/(-1411)). Let i = -1001 + h. What are the prime factors of i?
2, 5, 41
Suppose 7 + 5 = 2*f. What are the prime factors of f/8 + 377664/256?
2, 3, 41
List the prime factors of (-124)/1*((-188)/32)/(3/18).
3, 31, 47
Let n be 7/21*-8*3/(-2). Suppose 12*i - n*i - 2384 = 0. List the prime factors of i.
2, 149
Suppose -3*b + 4*o + 29828 = 0, 29*b - 298325 = -b - 5*o. List the prime factors of b.
2, 11, 113
Let t(r) = -28*r**3 + 19*r**2 - 24*r + 16. What are the prime factors of t(-10)?
2, 3, 7, 359
Suppose 5*c = -52*c - 2*c + 157648. List the prime factors of c.
2, 167
Suppose -3*j + 10 = -4*x, x = 2*j - x - 6. Let c be 1/(((-6)/(-24))/(j/4)). Suppose k = -c*k + 393. List the prime factors of k.
131
Let o = 278 - 273. What are the prime factors of (-8)/o - -2 - 16226/(-35)?
2, 29
Let c = -20157 + 34607. List the prime factors of c.
2, 5, 17
Let p = -59 - -1646. Let w = p - 785. List the prime factors of w.
2, 401
Let o be (3 - 1) + -1 + -402. Let i = o - -614. What are the prime factors of i?
3, 71
Suppose -24*c = 5 + 67. Let i(r) = 85*r**2 - 9*r + 8. List the prime factors of i(c).
2, 5
Let o(y) = -7*y**3 - 5*y**2 + 32*y + 57. Let k(t) = -4*t**3 - 3*t**2 + 16*t + 29. Let q(x) = -5*k(x) + 3*o(x). What are the prime factors of q(-11)?
1181
Let w = 620 + -368. Suppose -3*u + 1090 = z, -2*u + 2*z = -w - 472. Suppose u = 3*q - 240. What are the prime factors of q?
3, 67
Let m = 302 + 16264. List the prime factors of m.
2, 3, 11, 251
Let k(p) = -6*p - 19. Let g(z) = 7*z + 18. Let b(l) = -5*g(l) - 6*k(l). Let h be b(22). Suppose 0 = 10*a + h - 836. What are the prime factors of a?
79
Suppose -3*u + 11797 = 4*d + 3783, 0 = -2*d + 2. Let t = u + -1047. What are the prime factors of t?
3, 541
Suppose 0 = 4*m + m + 60. Let q(j) = 10*j**3 - 109*j**2 - 12*j + 12. Let h be q(11). What are the prime factors of 157 - (20/m + h/(-3))?
3, 53
Let r be -4 + (-8431)/(-4) - (-11)/44. Let t = r + -1459. What are the prime factors of t?
3, 5, 43
Let t be (2 - 1) + 3/((-3)/4). Let s(p) = 71*p**2 - 3*p - 14. What are the prime factors of s(t)?
2, 317
Suppose 1783 = -19*h + 86485. List the prime factors of h.
2, 3, 743
Suppose 1 + 10 = 2*s + h, 13 = 2*s - h. Suppose 145 = s*r - r. Suppose 3*z + 78 = u, 3*u - z - r = 165. What are the prime factors of u?
3, 7
Suppose -2*i - 10 = s, -4*s = -4*i - i + 1. Let o be 3/(i - (-1424)/1412 - -2). Let q = o - 203. List the prime factors of q.
2, 3, 5
Suppose 0 = -16*h - 104528 + 654768. What are the prime factors of h?
2, 5, 19, 181
Suppose -5*g - 15 = -10. Let l be g/3 + 1651/3. What are the prime factors of (-3)/4 - (2 - l/8)?
2, 3, 11
Let n(p) = 2*p**2 - 4*p**2 + p + 5*p**2 - 2*p**2 - 4. Let x be n(2). Suppose 13 + 37 = x*h. What are the prime factors of h?
5
Let j = 1813 + -1035. Let o be (-77584)/(-312) + (-5)/3. Suppose -9*x + j = o. List the prime factors of x.
59
Suppose 4*p + 3*z = 23, -z + 5 - 2 = -p. Let g(j) be the third derivative of j**5/60 + j**4/6 - j**3 + 4999*j**2. List the prime factors of g(p).
2, 3
Suppose 40569 = -1733*a + 1736*a. What are the prime factors of a?
13523
Let y = -13 + 18. Let q = y - -8. What are the prime factors of q?
13
Let v(d) = -43*d**3 - 4*d**2 - 19*d + 7. What are the prime factors of v(-7)?
7, 2099
Let d(p) = 24*p**3 - 10*p**2 + 18*p - 3. List the prime factors of d(5).
2837
Let k be 312*((3 - -5) + -7). Suppose -307*c = -k*c + 1455. List the prime factors of c.
3, 97
Let x(a) be the second derivative of a**3/6 + 13*a**2 + 3*a + 128. Let w = 3 - -4. List the prime factors of x(w).
3, 11
What are the prime factors of (-45)/(-9) + (-35 + 40)*7492/5?
3, 7, 17
Suppose 4*i = -3615 - 385. Let j = i + 1891. What are the prime factors of j?
3, 11
Suppose -345 + 87 = -6*u. Suppose 33 = -5*w + u. List the prime factors of ((-1094)/(-9))/w + 16/72.
61
Suppose 0 = 5*j - 104 - 101. Suppose 4*r - 2*t = 722, -36*r - 5*t - 900 = -j*r. What are the prime factors of r?
181
Let f be (1*-2)/((-14)/2177). Suppose 469 = 3*r + i + 3*i, -i = 2*r - f. List the prime factors of r.
5, 31
Suppose j - 26 = -4*t + 7, 2*t + 3*j = 9. Suppose 2793 = t*o + 903. What are the prime factors of o?
2, 3, 5, 7
Suppose 600*g = -32*g + 10933388 + 8020924. List the prime factors of g.
3, 13, 769
Let h = -59 - -61. Let l be 3/9*78/h. Suppose -l*q = -9*q - 924. What are the prime factors of q?
3, 7, 11
Let c be ((8 - 0) + -2)*(-8 - -10). Suppose -2*u + 618 = 4*h + c, -3*u = 3*h - 900. List the prime factors of u.
3, 11
Let y(p) = -21*p - 6. Let s be y(-4). Let m be ((-7)/((-70)/(-16)))/(33/330). Let k = s - m. List the prime factors of k.
2, 47
Let j(p) = 11708*p**3 - 8*p**2 + 4*p + 2. List the prime factors of 